{"id":2,"date":"2025-07-26T16:34:55","date_gmt":"2025-07-26T13:34:55","guid":{"rendered":"http:\/\/tektatunlumamulleri.com\/?page_id=2"},"modified":"2025-07-27T22:43:34","modified_gmt":"2025-07-27T19:43:34","slug":"anasayfa","status":"publish","type":"page","link":"https:\/\/tektatunlumamulleri.com\/","title":{"rendered":"ANASAYFA"},"content":{"rendered":"\t\t<div data-elementor-type=\"wp-page\" data-elementor-id=\"2\" class=\"elementor elementor-2\">\n\t\t\t\t<div class=\"elementor-element elementor-element-3b76114 e-flex e-con-boxed e-con e-parent\" data-id=\"3b76114\" data-element_type=\"container\">\n\t\t\t\t\t<div class=\"e-con-inner\">\n\t\t\t\t<div class=\"elementor-element elementor-element-0f86ecf elementor-widget elementor-widget-heading\" data-id=\"0f86ecf\" data-element_type=\"widget\" data-widget_type=\"heading.default\">\n\t\t\t\t\t<h2 class=\"elementor-heading-title elementor-size-default\">2002' DEN BU YANA GELENEKSEL TATLARIN G\u00dcVENCES\u0130<\/h2>\t\t\t\t<\/div>\n\t\t\t\t\t<\/div>\n\t\t\t\t<\/div>\n\t\t<div class=\"elementor-element elementor-element-4199987 e-flex e-con-boxed e-con e-parent\" data-id=\"4199987\" data-element_type=\"container\">\n\t\t\t\t\t<div class=\"e-con-inner\">\n\t\t<div class=\"elementor-element elementor-element-6c92d7c e-con-full e-flex e-con e-child\" data-id=\"6c92d7c\" data-element_type=\"container\">\n\t\t\t\t<div class=\"elementor-element elementor-element-f0c5155 elementor-widget elementor-widget-image\" data-id=\"f0c5155\" data-element_type=\"widget\" data-widget_type=\"image.default\">\n\t\t\t\t\t\t\t\t\t\t\t\t\t\t\t<img fetchpriority=\"high\" decoding=\"async\" width=\"720\" height=\"690\" src=\"https:\/\/tektatunlumamulleri.com\/wp-content\/uploads\/2025\/07\/tel-kadayif-1024x982.webp\" class=\"attachment-large size-large wp-image-40\" alt=\"\" srcset=\"https:\/\/tektatunlumamulleri.com\/wp-content\/uploads\/2025\/07\/tel-kadayif-1024x982.webp 1024w, https:\/\/tektatunlumamulleri.com\/wp-content\/uploads\/2025\/07\/tel-kadayif-300x288.webp 300w, https:\/\/tektatunlumamulleri.com\/wp-content\/uploads\/2025\/07\/tel-kadayif-768x737.webp 768w, https:\/\/tektatunlumamulleri.com\/wp-content\/uploads\/2025\/07\/tel-kadayif.webp 1280w\" sizes=\"(max-width: 720px) 100vw, 720px\" \/>\t\t\t\t\t\t\t\t\t\t\t\t\t\t\t<\/div>\n\t\t\t\t<\/div>\n\t\t<div class=\"elementor-element elementor-element-c60f1fd e-con-full e-flex e-con e-child\" data-id=\"c60f1fd\" data-element_type=\"container\">\n\t\t\t\t<div class=\"elementor-element elementor-element-ef7d8b4 elementor-widget elementor-widget-image\" data-id=\"ef7d8b4\" data-element_type=\"widget\" data-widget_type=\"image.default\">\n\t\t\t\t\t\t\t\t\t\t\t\t\t\t\t<img decoding=\"async\" width=\"398\" height=\"304\" src=\"https:\/\/tektatunlumamulleri.com\/wp-content\/uploads\/2025\/07\/minik_eriste-613-x-484-e1753644632498.png\" class=\"attachment-large size-large wp-image-83\" alt=\"\" srcset=\"https:\/\/tektatunlumamulleri.com\/wp-content\/uploads\/2025\/07\/minik_eriste-613-x-484-e1753644632498.png 398w, https:\/\/tektatunlumamulleri.com\/wp-content\/uploads\/2025\/07\/minik_eriste-613-x-484-e1753644632498-300x229.png 300w, https:\/\/tektatunlumamulleri.com\/wp-content\/uploads\/2025\/07\/minik_eriste-613-x-484-e1753644632498-80x60.png 80w\" sizes=\"(max-width: 398px) 100vw, 398px\" \/>\t\t\t\t\t\t\t\t\t\t\t\t\t\t\t<\/div>\n\t\t\t\t<\/div>\n\t\t<div class=\"elementor-element elementor-element-28d5210 e-con-full e-flex e-con e-child\" data-id=\"28d5210\" data-element_type=\"container\">\n\t\t\t\t<div class=\"elementor-element elementor-element-ec01ab0 elementor-widget elementor-widget-image\" data-id=\"ec01ab0\" data-element_type=\"widget\" data-widget_type=\"image.default\">\n\t\t\t\t\t\t\t\t\t\t\t\t\t\t\t<img decoding=\"async\" width=\"720\" height=\"405\" src=\"https:\/\/tektatunlumamulleri.com\/wp-content\/uploads\/2025\/07\/siron-1024x576.webp\" class=\"attachment-large size-large wp-image-43\" alt=\"\" srcset=\"https:\/\/tektatunlumamulleri.com\/wp-content\/uploads\/2025\/07\/siron-1024x576.webp 1024w, https:\/\/tektatunlumamulleri.com\/wp-content\/uploads\/2025\/07\/siron-300x169.webp 300w, https:\/\/tektatunlumamulleri.com\/wp-content\/uploads\/2025\/07\/siron-768x432.webp 768w, https:\/\/tektatunlumamulleri.com\/wp-content\/uploads\/2025\/07\/siron.webp 1280w\" sizes=\"(max-width: 720px) 100vw, 720px\" \/>\t\t\t\t\t\t\t\t\t\t\t\t\t\t\t<\/div>\n\t\t\t\t<\/div>\n\t\t<div class=\"elementor-element elementor-element-d99efa6 e-con-full e-flex e-con e-child\" data-id=\"d99efa6\" data-element_type=\"container\">\n\t\t\t\t<div class=\"elementor-element elementor-element-f4baa88 elementor-widget elementor-widget-image\" data-id=\"f4baa88\" data-element_type=\"widget\" data-widget_type=\"image.default\">\n\t\t\t\t\t\t\t\t\t\t\t\t\t\t\t<img loading=\"lazy\" decoding=\"async\" width=\"720\" height=\"405\" src=\"https:\/\/tektatunlumamulleri.com\/wp-content\/uploads\/2025\/07\/kadayif-1024x576.webp\" class=\"attachment-large size-large wp-image-36\" alt=\"\" srcset=\"https:\/\/tektatunlumamulleri.com\/wp-content\/uploads\/2025\/07\/kadayif-1024x576.webp 1024w, https:\/\/tektatunlumamulleri.com\/wp-content\/uploads\/2025\/07\/kadayif-300x169.webp 300w, https:\/\/tektatunlumamulleri.com\/wp-content\/uploads\/2025\/07\/kadayif-768x432.webp 768w, https:\/\/tektatunlumamulleri.com\/wp-content\/uploads\/2025\/07\/kadayif.webp 1280w\" sizes=\"(max-width: 720px) 100vw, 720px\" \/>\t\t\t\t\t\t\t\t\t\t\t\t\t\t\t<\/div>\n\t\t\t\t<\/div>\n\t\t\t\t\t<\/div>\n\t\t\t\t<\/div>\n\t\t<div class=\"elementor-element elementor-element-9600c8d e-flex e-con-boxed e-con e-parent\" data-id=\"9600c8d\" data-element_type=\"container\">\n\t\t\t\t\t<div class=\"e-con-inner\">\n\t\t\t\t<div class=\"elementor-element elementor-element-c2da509 elementor-widget elementor-widget-text-editor\" data-id=\"c2da509\" data-element_type=\"widget\" data-widget_type=\"text-editor.default\">\n\t\t\t\t\t\t\t\t\t<p>Firmam\u0131z, 2002 y\u0131l\u0131ndan bu yana geleneksel lezzetleri en kaliteli \u015fekilde \u00fcretme hedefiyle faaliyet g\u00f6stermektedir. Kuruldu\u011fumuz g\u00fcnden itibaren ana \u00fcretim alan\u0131m\u0131z olan \u00e7i\u011f kaday\u0131f ile sekt\u00f6rde g\u00fcvenilir bir yer edindik. \u00dcretim yelpazemizi geni\u015fleterek bug\u00fcn, kavrulmu\u015f kaday\u0131f, paket sarma kaday\u0131f, siron ve d\u00f6kme k\u00f6y eri\u015ftesi gibi bir\u00e7ok \u00fcr\u00fcn\u00fc de kendi tesislerimizde \u00f6zenle \u00fcretmekteyiz.<\/p><p>Ayr\u0131ca, sekt\u00f6r\u00fcn ihtiya\u00e7lar\u0131na cevap verebilmek ad\u0131na baklava yufkas\u0131, tarhana, kemalpa\u015fa tatl\u0131s\u0131, Hayrabolu tatl\u0131s\u0131 ve kuru yufka gibi tamamlay\u0131c\u0131 \u00fcr\u00fcnlerin de sat\u0131\u015f\u0131n\u0131 ger\u00e7ekle\u015ftiriyoruz.<\/p><p>\u0130stanbul i\u00e7i perakende ve toptan sat\u0131\u015f noktalar\u0131na, haftan\u0131n belirli g\u00fcnlerinde d\u00fczenli servis hizmeti sunmaktay\u0131z. \u0130stanbul d\u0131\u015f\u0131ndaki m\u00fc\u015fterilerimize ise \u00fcr\u00fcn g\u00f6nderimlerimizi otogar arac\u0131l\u0131\u011f\u0131yla h\u0131zl\u0131 ve g\u00fcvenli bir \u015fekilde ula\u015ft\u0131r\u0131yoruz.<\/p><p>G\u0131da g\u00fcvenli\u011fi, hijyen ve m\u00fc\u015fteri memnuniyetini ilke edinen firmam\u0131z, 20 y\u0131l\u0131 a\u015fk\u0131n tecr\u00fcbesiyle geleneksel tatlar\u0131 modern \u00fcretimle bulu\u015fturmaya devam etmektedir.<\/p>\t\t\t\t\t\t\t\t<\/div>\n\t\t\t\t\t<\/div>\n\t\t\t\t<\/div>\n\t\t<div class=\"elementor-element elementor-element-90f4945 e-flex e-con-boxed e-con e-parent\" data-id=\"90f4945\" data-element_type=\"container\">\n\t\t\t\t\t<div class=\"e-con-inner\">\n\t\t<div class=\"elementor-element elementor-element-71dcd61 e-con-full e-flex e-con e-child\" data-id=\"71dcd61\" data-element_type=\"container\">\n\t\t\t\t<div class=\"elementor-element elementor-element-2352eef elementor-widget elementor-widget-heading\" data-id=\"2352eef\" data-element_type=\"widget\" data-widget_type=\"heading.default\">\n\t\t\t\t\t<h1 class=\"elementor-heading-title elementor-size-default\">25+<\/h1>\t\t\t\t<\/div>\n\t\t\t\t<div class=\"elementor-element elementor-element-b55575c elementor-widget elementor-widget-text-editor\" data-id=\"b55575c\" data-element_type=\"widget\" data-widget_type=\"text-editor.default\">\n\t\t\t\t\t\t\t\t\t<p>\u00dcr\u00fcn \u00c7e\u015fidi<\/p>\t\t\t\t\t\t\t\t<\/div>\n\t\t\t\t<\/div>\n\t\t<div class=\"elementor-element elementor-element-31bcb99 e-con-full e-flex e-con e-child\" data-id=\"31bcb99\" data-element_type=\"container\">\n\t\t\t\t<div class=\"elementor-element elementor-element-bb237b7 elementor-widget elementor-widget-heading\" data-id=\"bb237b7\" data-element_type=\"widget\" data-widget_type=\"heading.default\">\n\t\t\t\t\t<h2 class=\"elementor-heading-title elementor-size-default\">\u00c7al\u0131\u015fma Saatlerimiz<\/h2>\t\t\t\t<\/div>\n\t\t\t\t<div class=\"elementor-element elementor-element-ce04fad elementor-widget elementor-widget-text-editor\" data-id=\"ce04fad\" data-element_type=\"widget\" data-widget_type=\"text-editor.default\">\n\t\t\t\t\t\t\t\t\t<table>\n<body>\n<tr>\n<td>Pazartesi\n<\/td>\n<td>07:30 &#8211; 17:00\n<\/td>\n<\/tr>\n<tr>\n<td>Sal\u0131\n<\/td>\n<td>07:30 &#8211; 17:00\n<\/td>\n<\/tr><tr>\n<td>\u00c7ar\u015famba\n<\/td>\n<td>07:30 &#8211; 17:00\n<\/td>\n<\/tr><tr>\n<td>Per\u015fembe\n<\/td>\n<td>07:30 &#8211; 17:00\n<\/td>\n<\/tr><tr>\n<td>Cuma\n<\/td>\n<td>07:30 &#8211; 17:00\n<\/td>\n<\/tr><tr>\n<td>Cumartesi\n<\/td>\n<td>KAPALI\n<\/td>\n<\/tr><tr>\n<td>Pazar\n<\/td>\n<td>07:30 &#8211; 17:00\n<\/td>\n<\/tr>\n<\/body>\n<\/table>\t\t\t\t\t\t\t\t<\/div>\n\t\t\t\t<\/div>\n\t\t<div class=\"elementor-element elementor-element-83c8c46 e-con-full e-flex e-con e-child\" data-id=\"83c8c46\" data-element_type=\"container\">\n\t\t\t\t<div class=\"elementor-element elementor-element-90de973 elementor-widget elementor-widget-heading\" data-id=\"90de973\" data-element_type=\"widget\" data-widget_type=\"heading.default\">\n\t\t\t\t\t<h1 class=\"elementor-heading-title elementor-size-default\">23+<\/h1>\t\t\t\t<\/div>\n\t\t\t\t<div class=\"elementor-element elementor-element-10b1e62 elementor-widget elementor-widget-text-editor\" data-id=\"10b1e62\" data-element_type=\"widget\" data-widget_type=\"text-editor.default\">\n\t\t\t\t\t\t\t\t\t<p>Y\u0131ll\u0131k Deneyim<\/p>\t\t\t\t\t\t\t\t<\/div>\n\t\t\t\t<\/div>\n\t\t\t\t\t<\/div>\n\t\t\t\t<\/div>\n\t\t\t\t<\/div>\n\t\t","protected":false},"excerpt":{"rendered":"<p>2002&#8242; DEN BU YANA GELENEKSEL TATLARIN G\u00dcVENCES\u0130 Firmam\u0131z, 2002 y\u0131l\u0131ndan bu yana geleneksel lezzetleri en kaliteli \u015fekilde \u00fcretme hedefiyle faaliyet g\u00f6stermektedir. Kuruldu\u011fumuz g\u00fcnden itibaren ana \u00fcretim alan\u0131m\u0131z olan \u00e7i\u011f kaday\u0131f ile sekt\u00f6rde g\u00fcvenilir bir yer edindik. \u00dcretim yelpazemizi geni\u015fleterek bug\u00fcn, kavrulmu\u015f kaday\u0131f, paket sarma kaday\u0131f, siron ve d\u00f6kme k\u00f6y eri\u015ftesi gibi bir\u00e7ok \u00fcr\u00fcn\u00fc de kendi tesislerimizde \u00f6zenle \u00fcretmekteyiz. Ayr\u0131ca, sekt\u00f6r\u00fcn [&hellip;]<\/p>\n","protected":false},"author":1,"featured_media":0,"parent":0,"menu_order":0,"comment_status":"closed","ping_status":"closed","template":"","meta":{"footnotes":""},"class_list":["post-2","page","type-page","status-publish","hentry"],"_links":{"self":[{"href":"https:\/\/tektatunlumamulleri.com\/index.php?rest_route=\/wp\/v2\/pages\/2","targetHints":{"allow":["GET"]}}],"collection":[{"href":"https:\/\/tektatunlumamulleri.com\/index.php?rest_route=\/wp\/v2\/pages"}],"about":[{"href":"https:\/\/tektatunlumamulleri.com\/index.php?rest_route=\/wp\/v2\/types\/page"}],"author":[{"embeddable":true,"href":"https:\/\/tektatunlumamulleri.com\/index.php?rest_route=\/wp\/v2\/users\/1"}],"replies":[{"embeddable":true,"href":"https:\/\/tektatunlumamulleri.com\/index.php?rest_route=%2Fwp%2Fv2%2Fcomments&post=2"}],"version-history":[{"count":46,"href":"https:\/\/tektatunlumamulleri.com\/index.php?rest_route=\/wp\/v2\/pages\/2\/revisions"}],"predecessor-version":[{"id":127,"href":"https:\/\/tektatunlumamulleri.com\/index.php?rest_route=\/wp\/v2\/pages\/2\/revisions\/127"}],"wp:attachment":[{"href":"https:\/\/tektatunlumamulleri.com\/index.php?rest_route=%2Fwp%2Fv2%2Fmedia&parent=2"}],"curies":[{"name":"wp","href":"https:\/\/api.w.org\/{rel}","templated":true}]}}