{"id":14,"date":"2025-07-26T16:49:40","date_gmt":"2025-07-26T13:49:40","guid":{"rendered":"http:\/\/tektatunlumamulleri.com\/?page_id=14"},"modified":"2025-07-27T17:09:31","modified_gmt":"2025-07-27T14:09:31","slug":"iletisim","status":"publish","type":"page","link":"https:\/\/tektatunlumamulleri.com\/?page_id=14","title":{"rendered":"\u0130leti\u015fim"},"content":{"rendered":"\t\t<div data-elementor-type=\"wp-page\" data-elementor-id=\"14\" class=\"elementor elementor-14\">\n\t\t\t\t<div class=\"elementor-element elementor-element-443b088 e-flex e-con-boxed e-con e-parent\" data-id=\"443b088\" data-element_type=\"container\">\n\t\t\t\t\t<div class=\"e-con-inner\">\n\t\t<div class=\"elementor-element elementor-element-05596a0 e-con-full e-flex e-con e-child\" data-id=\"05596a0\" data-element_type=\"container\">\n\t\t\t\t<div class=\"elementor-element elementor-element-7055a90 elementor-widget elementor-widget-heading\" data-id=\"7055a90\" data-element_type=\"widget\" data-widget_type=\"heading.default\">\n\t\t\t\t\t<h2 class=\"elementor-heading-title elementor-size-default\">\u0130leti\u015fim Bilgileri<\/h2>\t\t\t\t<\/div>\n\t\t\t\t<div class=\"elementor-element elementor-element-f4d9b6c elementor-widget elementor-widget-text-editor\" data-id=\"f4d9b6c\" data-element_type=\"widget\" data-widget_type=\"text-editor.default\">\n\t\t\t\t\t\t\t\t\t<p>Anadolu Yakas\u0131 Servis<br \/><a href=\"tel:05428983834\">542 898 38 34<\/a><\/p><p>Avrupa Yakas\u0131 Servis<br \/><a href=\"tel:05386006202\">538 600 62 02<\/a><br \/><a href=\"tel:05363150392\">536 315 03 92<\/a><\/p><p>Muhasebe<br \/><a href=\"tel:02126749654\">212 674 96 54<\/a><\/p>\t\t\t\t\t\t\t\t<\/div>\n\t\t\t\t<\/div>\n\t\t<div class=\"elementor-element elementor-element-85a33b8 e-con-full e-flex e-con e-child\" data-id=\"85a33b8\" data-element_type=\"container\">\n\t\t\t\t<div class=\"elementor-element elementor-element-98624a1 elementor-widget elementor-widget-text-editor\" data-id=\"98624a1\" data-element_type=\"widget\" data-widget_type=\"text-editor.default\">\n\t\t\t\t\t\t\t\t\t<iframe src=\"https:\/\/www.google.com\/maps\/embed?pb=!1m18!1m12!1m3!1d3009.61788569887!2d28.813813976451183!3d41.03361511786369!2m3!1f0!2f0!3f0!3m2!1i1024!2i768!4f13.1!3m3!1m2!1s0x14caa4f92e4243c7%3A0x550d450b67cfea25!2sTektat%20Kaday%C4%B1f!5e0!3m2!1str!2str!4v1753625068635!5m2!1str!2str\" width=\"600\" height=\"450\" style=\"border:0;\" allowfullscreen=\"\" loading=\"lazy\" referrerpolicy=\"no-referrer-when-downgrade\"><\/iframe>\t\t\t\t\t\t\t\t<\/div>\n\t\t\t\t<\/div>\n\t\t<div class=\"elementor-element elementor-element-3a51457 e-con-full e-flex e-con e-child\" data-id=\"3a51457\" data-element_type=\"container\">\n\t\t\t\t<div class=\"elementor-element elementor-element-dde4c7f elementor-widget elementor-widget-heading\" data-id=\"dde4c7f\" data-element_type=\"widget\" data-widget_type=\"heading.default\">\n\t\t\t\t\t<h2 class=\"elementor-heading-title elementor-size-default\">A\u00e7\u0131k Adres Bilgisi<\/h2>\t\t\t\t<\/div>\n\t\t\t\t<div class=\"elementor-element elementor-element-8ca9248 elementor-widget elementor-widget-text-editor\" data-id=\"8ca9248\" data-element_type=\"widget\" data-widget_type=\"text-editor.default\">\n\t\t\t\t\t\t\t\t\t<p>15 Temmuz Mahallesi G\u00fclbahar Caddesi 1489. Sokak No : 10<br \/>Ba\u011fc\u0131lar\/\u0130stanbul<\/p>\t\t\t\t\t\t\t\t<\/div>\n\t\t\t\t<\/div>\n\t\t\t\t\t<\/div>\n\t\t\t\t<\/div>\n\t\t\t\t<\/div>\n\t\t","protected":false},"excerpt":{"rendered":"<p>\u0130leti\u015fim Bilgileri Anadolu Yakas\u0131 Servis542 898 38 34 Avrupa Yakas\u0131 Servis538 600 62 02536 315 03 92 Muhasebe212 674 96 54 A\u00e7\u0131k Adres Bilgisi 15 Temmuz Mahallesi G\u00fclbahar Caddesi 1489. Sokak No : 10Ba\u011fc\u0131lar\/\u0130stanbul<\/p>\n","protected":false},"author":1,"featured_media":0,"parent":0,"menu_order":0,"comment_status":"closed","ping_status":"closed","template":"","meta":{"footnotes":""},"class_list":["post-14","page","type-page","status-publish","hentry"],"_links":{"self":[{"href":"https:\/\/tektatunlumamulleri.com\/index.php?rest_route=\/wp\/v2\/pages\/14","targetHints":{"allow":["GET"]}}],"collection":[{"href":"https:\/\/tektatunlumamulleri.com\/index.php?rest_route=\/wp\/v2\/pages"}],"about":[{"href":"https:\/\/tektatunlumamulleri.com\/index.php?rest_route=\/wp\/v2\/types\/page"}],"author":[{"embeddable":true,"href":"https:\/\/tektatunlumamulleri.com\/index.php?rest_route=\/wp\/v2\/users\/1"}],"replies":[{"embeddable":true,"href":"https:\/\/tektatunlumamulleri.com\/index.php?rest_route=%2Fwp%2Fv2%2Fcomments&post=14"}],"version-history":[{"count":7,"href":"https:\/\/tektatunlumamulleri.com\/index.php?rest_route=\/wp\/v2\/pages\/14\/revisions"}],"predecessor-version":[{"id":70,"href":"https:\/\/tektatunlumamulleri.com\/index.php?rest_route=\/wp\/v2\/pages\/14\/revisions\/70"}],"wp:attachment":[{"href":"https:\/\/tektatunlumamulleri.com\/index.php?rest_route=%2Fwp%2Fv2%2Fmedia&parent=14"}],"curies":[{"name":"wp","href":"https:\/\/api.w.org\/{rel}","templated":true}]}}